Let l(x) be the third derivative of -x**6/120 + x**5/15 - x**4/12 - x**3/6 + 19*x**2. Determine l(3).
2
Let m = 8 + -4. Let r(y) be the second derivative of y**4/12 - 5*y**3/6 + y**2 + 33*y. Calculate r(m).
-2
Let y(s) = s**2 - s - 3. Let x be (-3 + 3 - 2)/2. Suppose 0 = -3*z - i + 12, 3*z - z - 3*i = 19. Let r = z + x. Determine y(r).
9
Let d(k) = 2*k - 8. Let i(n) = -n**3 + 3*n**2 + 7*n - 5. Let p be i(4). Give d(p).
6
Let v = -41 + 38. Let s(j) = j**2 + 5*j - j - 3 - 3*j. What is s(v)?
3
Suppose 2*y = 5*i + 23 + 2, 0 = 2*y + i + 5. Suppose 2*o + 0*o + 6 = y. Let n(u) = u**2 + u. Give n(o).
6
Let w(o) = -o**3 + 4*o**2 + 5*o - 5. Let u(v) = -v**2 - 16*v + 5. Let j be u(-16). Determine w(j).
-5
Let v(t) = t**3 + 8*t**2 + 9*t + 4. Suppose 2*u + 4*c + 25 = -u, 4*u = -2*c - 30. Give v(u).
-10
Let d(h) = -11*h + 9. Let u(z) = -1. Let m(i) = i - 2. Let v(w) = -5*m(w) + 6*u(w). Let y(j) = 2*d(j) - 5*v(j). Give y(3).
7
Let h(i) be the second derivative of i**3/6 - 2*i**2 + i. Let u = -5 - -2. Give h(u).
-7
Let c(u) = 16*u**3 - 7*u**2 + u. Let w(n) = -n**3 + n**2. Let l(r) = c(r) + 6*w(r). Determine l(1).
10
Let q(r) be the third derivative of 0 - 1/15*r**5 + 1/120*r**6 + 0*r - 2*r**2 - 1/8*r**4 - 7/6*r**3. Calculate q(5).
3
Let n = -3 + 4. Let s = n - -1. Let o(p) = 3*p - 2. Let m(a) = a. Let z(t) = -2*m(t) + o(t). Give z(s).
0
Let o be 3*(3 - 2) + (-2 - -6). Let y(g) = -g + 5. Give y(o).
-2
Let z(p) = 4*p**3 + 4*p**2 - 5*p + 5. Let a(q) = q**2 - q + 1. Let w(r) = 5*a(r) - z(r). Suppose -2 = -4*k + 3*d, 0*d = -3*k - 3*d - 9. Calculate w(k).
5
Let d(b) = b + 2. Let m be 3 + 2/(-3 - -1). Suppose m*u + u = 15. Determine d(u).
7
Let z(v) = v. Let d be z(3). Let r(j) = -2*j**3 + j - 2*j**2 - 2*j**2 + 3*j**3 + 4. Let c be r(d). Let t(s) = -2*s - 1. Give t(c).
3
Let c = 12 + -10. Suppose d = -2*n - 9, 41 - 11 = -4*n + c*d. Let z(l) = -l - 4. Let y be z(n). Let t(q) = 2*q**3 - 4*q**2 + 3*q - 2. Give t(y).
4
Let j be ((-144)/(-90))/(2/(-20)). Let c = j + 18. Let o(t) = -t + 1. Give o(c).
-1
Let y = 2 - 1. Let t(o) = -1. Let u(v) = -2*v + 6. Let j(k) = y*u(k) + 5*t(k). Determine j(2).
-3
Let k(h) = 0*h**2 + 11 + h**2 + 7*h - 2*h**2. Let p be k(8). Let j(b) = 5*b + 1. Let v(s) = -s - 1. Let f(r) = j(r) + 4*v(r). Determine f(p).
0
Let j(h) = -3*h - 30. Let v be j(-10). Let l(z) = 2*z**3 + 2*z. Let b(a) = -a**3 - a**2 - a. Let x(u) = b(u) + l(u). What is x(v)?
0
Let l(w) = -3*w + 4. Let b be ((-5)/(-10))/(2/(-36)). Let o(f) = f**3 + 9*f**2 + 3. Let u be o(b). Determine l(u).
-5
Let q(i) be the first derivative of -i**4 + 5*i**3/3 - 7*i**2/2 + 7*i + 2. Let n(u) = -5*u**3 + 6*u**2 - 8*u + 8. Let w(x) = -5*n(x) + 6*q(x). What is w(2)?
6
Let m(h) = 6*h**2 + 2 - 2*h - 1 - h**3 - 3*h**2 + 0*h**2. Determine m(2).
1
Let c(x) = -x**2 + 4. Let z be c(0). Let m(i) be the third derivative of -4*i**2 - 1/60*i**5 - 2/3*i**3 + 0 + 0*i - 1/4*i**z. What is m(-6)?
-4
Let z(i) be the first derivative of 0*i**3 + 1 + 3/2*i**2 - 1/2*i**4 + i. Determine z(-2).
11
Let w(x) = x**2 + 6*x - 2. Let h(r) = r**3 + 17*r**2 + 17*r - 4. Let j be h(-16). Suppose 4*y - 8 - 44 = 0. Let m = y + j. Give w(m).
5
Let x(k) = -k**2 - 7*k + 6. Suppose 0 = 3*o - 5*t - 52, 2*o - 43 = -4*t - t. Suppose -5*p - 54 + o = 0. Give x(p).
6
Let x(j) = -j + 7. Let d(o) = -o**3 + 4*o**2 - o + 7. Let c be d(4). Determine x(c).
4
Let v(b) be the third derivative of b**6/30 + b**5/60 + 2*b**2. Suppose 2*a = 3*g + 5, 3*a - 20 = -4*g - a. What is v(g)?
5
Let d be 208/40 - (-1)/(-5). Let l(h) = 1 - d*h + 4*h + 0 + 2*h. Give l(-1).
0
Suppose 2 = z - 1. Suppose 0*d + z = -d. Let b(s) = -3 - 2*s - 5 + 4. What is b(d)?
2
Suppose 2*f = 4*f - 6. Suppose -3*v + 19 = 2*d, 5*d - 28 = -4*v + f*v. Suppose -d = -n - 4*n. Let k(p) = -4*p**3 - p**2 - p + 1. Determine k(n).
-5
Let t(n) = 3*n**3 - 4*n**2 + 3*n - 1. Let c be t(2). Let v(w) = -w**3 + 13*w**2 + 5. Give v(c).
5
Let a(b) be the third derivative of -b**4/24 - 2*b**3/3 - 4*b**2. Calculate a(4).
-8
Let k = 5 + -1. Suppose 4*f + f = 5. Let d(t) = 0*t - f + k*t + t. Calculate d(-1).
-6
Let u(d) = -3*d - 5*d + 1 - 3. Let c(y) = -2*y + 7. Let g be c(-7). Let x = g + -23. What is u(x)?
14
Let o(d) = -d**2 + 7*d - 4. Suppose 35 = 4*l - 2*l + 5*h, -l - 5*h = -30. Let t = l - -1. Calculate o(t).
2
Let s = 121 - 113. Let r(z) = -z - 2. What is r(s)?
-10
Suppose i - 1 = 2*r - 0, 4*r = -i + 13. Let v = 4 + r. Let b(c) = 2*c - 9. Let y(d) = -d + 4. Let u(z) = -3*b(z) - 7*y(z). Give u(v).
5
Let c(s) be the second derivative of -5*s**4/6 + s**2/2 + s. Suppose 0*h + 48 = -4*h. Let o = h - -13. Determine c(o).
-9
Let w(x) be the second derivative of -x**4/12 + 2*x**3/3 + 20*x. Give w(4).
0
Let f(o) be the third derivative of 0 - 1/6*o**4 - 2*o**2 + 0*o - 1/6*o**3 - 1/15*o**5 - 1/120*o**6. What is f(-3)?
2
Let s(g) = -g**2 + 7*g + 5. Let k(o) = -o - 1. Let a(v) = 6*k(v) + s(v). Let x be a(2). Let j(f) = f**3 - 4*f + 2*f**2 + 0 - 3 + f. Calculate j(x).
-3
Let q(p) be the first derivative of p**3/3 - p**2 - 4*p + 2. Let z(i) be the first derivative of q(i). Give z(4).
6
Suppose 5 - 17 = -3*r. Suppose x = -r*x. Let s(b) = b**3 - 5. What is s(x)?
-5
Let j(i) = -i**3 - 6*i**2 + 4. Let q(w) = w**3 + 4*w**2 + w - 3. Let g(o) = -2*j(o) - 3*q(o). What is g(2)?
-13
Let m be (-2 + 1 + 0)/((-3)/(-9)). Let d(l) = -l**3 - 4*l**2 - l. What is d(m)?
-6
Let r(v) = -v**2 + 5*v + 6. Let p(z) be the second derivative of 0 - 2*z - 11/12*z**4 - 8*z**2 - 1/3*z**3 - 1/20*z**5. Let t be p(-11). Calculate r(t).
0
Let g(q) = -2*q + 1 - 4*q + 5*q. Let k(b) = -b**3 - 6*b**2 - 5*b + 5. Let v be k(-5). Let x be g(v). Let n(t) = -2*t - 5. What is n(x)?
3
Let s(z) be the third derivative of -z**5/60 - z**4/6 - z**3/3 - 2*z**2. Let y be (20/(-30))/(2/15). What is s(y)?
-7
Let b(p) = -p**2 + 8*p - 6. Let l be b(6). Suppose l = 2*g - 0. Let w(k) = -4*k**2 + k + 2. Let c(o) = -5*o**2 + 3. Let i(x) = -3*c(x) + 4*w(x). Calculate i(g).
2
Let j(b) be the first derivative of -1 - 1/2*b**2 - 2*b. Suppose -38 = 3*c - 5*y - 13, c - 10 = -2*y. Determine j(c).
-2
Let v(i) be the first derivative of i**2/2 + 8*i - 1. Let x be v(-6). Let d(g) be the third derivative of -g**4/12 + g**3/6 - 110*g**2. Determine d(x).
-3
Let k(a) = 6*a**2 + 10 + 3*a**2 + 4*a - a**2 - a**3 + 2*a**3. Give k(-8).
-22
Let w be 2/(-4)*(-25 + 11). Let b(z) = 0*z + w*z + 4*z - 7*z - 1. Determine b(-2).
-9
Let y(m) be the second derivative of 5/2*m**2 + 0*m**3 - m + 0*m**4 + 0 - 1/20*m**5. Let d be 0 - (1 - 1 - 0). Calculate y(d).
5
Suppose -7*d - 46 = 5*z - 3*d, 0 = 5*z - d + 26. Let i be -2*((-45)/z)/(-5). Let u(o) = -o**3 + 4*o**2 - 3*o + 2. What is u(i)?
2
Let u = 11 - 18. Let v(w) = w + 2. What is v(u)?
-5
Let b(a) = a**2 + 2*a + 3. Let k be ((-4)/(-6))/((-12)/36). Calculate b(k).
3
Let s(i) = -2*i + 4. Let h(g) = g + 12. Let v be h(-14). Let x(k) = k - 3. Let p(m) = v*s(m) - 3*x(m). What is p(4)?
5
Let h(f) = -f + 5. Let o be ((-18)/12)/(2/(-4)). Suppose 0*g = -o*g. Give h(g).
5
Let x(d) = 4*d**2 + 5*d - 1. Let g(f) = -9*f**2 - 10*f + 1. Let w(u) = 3*g(u) + 7*x(u). Give w(-6).
2
Let a be (-26)/(-4) + (-6)/4. Suppose -5 = w, 2*w - 22 = -b + a*b. Let s = b + 5. Let m(q) = -2*q**2 - 3*q + 4. What is m(s)?
-5
Let w(m) = 2*m + 6 + 17*m**2 - 19*m**2 + m**3 - 5*m. Let n be w(3). Let k(t) = t**3 - 6*t**2 - 2*t + 6. Determine k(n).
-6
Let p(b) = 12*b. Let u = 8 + -4. Suppose 9*q - 5 = u*q. Calculate p(q).
12
Let d(p) be the third derivative of -p**6/60 - p**5/20 + p**3/6 + 2*p**2. Suppose 3*j - 2 = -8. Give d(j).
5
Let l(o) be the third derivative of o**4/24 + o**2. Let h = 0 + 3. Suppose 0 = -5*r - 3*j - 8 - 1, 3*r - h = j. What is l(r)?
0
Let s be -4*(-2 - -3) - 2. Let g(k) = -k + 1. Let n(y) = 7*y + 2. Let r(z) = -5*g(z) - n(z). Give r(s).
5
Let y(r) = 4*r**2 - 6*r + 12. Let d(o) = 3*o**2 - 4*o + 8. Let k(f) = 7*d(f) - 5*y(f). Suppose 8*l - 21 - 3 = 0. What is k(l)?
11
Let m(a) = -a**3 + a**2 - 3. Let r = 13 - 4. Let d = r + -5. Suppose 4*n = f - 4, d*f - 3*n - 2*n - 5 = 0. Calculate m(f).
-3
Let t be 10/(-35)*(-7 + 0). Let u(s) = 3 + s**2 + 6*s - t + 7 - 3. Let n(z) = z**2 + 5*z - 1. Let r be n(-4). Give u(r).
0
Let p(j) = 3*j**2 + 1. Suppose o - 7 = -4*h - h, 2*h = 2*o - 2. Let l(w) = -o*w + 4*w - 2 - 7*w**2 - w. Let s(x) = -2*l(x) - 5*p(x). What is s(-1)?
0
Let b(